x + 49333 = -67130. Is x composite?
False
Let u = -60 + 61. Suppose -5 = -b + u. Suppose 0 = -4*o - 8, 0 = -b*w + w - 5*o + 685. Is w composite?
False
Let q(s) = 38902*s**3 - 128*s**2 + 375*s + 6. Is q(3) a composite number?
True
Let o(p) = -11*p**3 - 17*p**2 - 6*p - 1. Is o(-16) a prime number?
False
Let g(i) be the second derivative of 199/6*i**3 + 0 + 22*i - 5/2*i**2. Is g(22) prime?
True
Let f = 11083 - -45112. Is f a composite number?
True
Is (-425631)/(-7) + (-76)/14 + -110 + 116 composite?
True
Let w = 61 - 53. Let b be 29826/w - (-1)/(-4). Suppose 0 = -4*u + b + 1700. Is u composite?
True
Let i(q) = 848*q**3 + 3*q**2 + 7*q. Let w be i(-2). Let z = w - -15877. Is z prime?
True
Let g(j) = -8*j**2 + 3*j + 3. Let y be g(4). Let h = -78 - y. Is h a prime number?
False
Let t(n) = 51*n**3 - 2*n**2 - 1. Let g be t(-4). Suppose -161*w = -163*w - 1872. Let r = w - g. Is r composite?
True
Is 49157152/1936 + 2/(-4)*4/22 composite?
False
Let c(g) = 952*g + 70159. Is c(0) a composite number?
True
Suppose 8*s - 12*s + 945182 = -265694. Is s prime?
False
Let w = 109 - 41. Suppose w - 8 = -12*i. Let f(q) = -5*q**3 + 8*q**2 + 5*q - 3. Is f(i) prime?
True
Let p(j) = -3489*j + 34 + 32 - 56. Is p(-1) a prime number?
True
Let n = -161 - -156. Is -2 + n/(-10)*(-14730)/(-5) prime?
True
Suppose -29*u + 172039 = -28*u + 6*u. Is u a composite number?
True
Let y = 0 + 2. Suppose 3*h + 148 - 15 = y*z, -3*z + 3*h = -204. Is z prime?
True
Suppose 16*i - 240 = -8*i. Suppose -2*h = i*h - 22020. Is h a prime number?
False
Let p(a) be the second derivative of 227*a**4/12 - a**3/3 + 2*a**2 + a. Suppose 2*x + 15 = -3*x, 3*x + 12 = -g. Is p(g) composite?
False
Suppose 503*v + 2086322 = 3*k + 498*v, -2781771 = -4*k + 5*v. Is k prime?
False
Suppose 46*w - 105 = 61*w. Is -2 + 2262 - (w - 0) a prime number?
True
Let i be 2013 + (-2)/(0 + -1). Suppose h = -4*h - i. Let m = h + 814. Is m a composite number?
True
Suppose 3*f + 4*f - 14 = 0. Let l(k) = 1656*k**3 - 3*k + 0*k**2 + 9*k**f - 7*k**2 + 2. Is l(1) composite?
False
Is ((-2710)/15)/(46/(-57201)) prime?
False
Let p(z) be the first derivative of 83*z**4/6 + 4*z**3/3 - 3*z**2/2 + 13*z + 2. Let v(l) be the first derivative of p(l). Is v(2) a composite number?
False
Suppose 4*h - 54 + 94 = 0. Is ((-3904712)/35)/(-8) - (-4)/h a composite number?
True
Let t = 57860 + 188831. Is t a prime number?
False
Let p = -263589 - -612472. Is p a composite number?
False
Suppose -695*j + 2143843 = -682*j. Is j prime?
True
Is 269758 - (-15 - -24) - 0 prime?
True
Let c = 3162 - 1777. Is c a prime number?
False
Let o = 249 + -244. Suppose 0 = -5*x + 4*g + 25003, -o*x - 4*g = -g - 24989. Is x a composite number?
False
Suppose -4*o - 5*v + 30 = o, o - 3*v = 2. Suppose 2*a + 3 = -5, -o*s + 5*a = -21255. Is s a composite number?
True
Let r be 189/(-15) + (-4)/10. Let y be (-46)/(-6) + r/(-39). Is (2/y)/((-9)/(-4572)) prime?
True
Let s(i) = 1152*i**3 + 8*i**2 + 214*i - 11. Is s(8) composite?
True
Is (-6 + (-105141)/(-12))/(8/32) a prime number?
True
Suppose 4*q = 4*f + 2256, -2045 = -5*q - 5*f + 735. Is q/136 + -4 + (-35069)/(-17) composite?
False
Suppose -6*j - 60 = -12*j. Let v = -3 + j. Suppose 0 = -4*h - v*b + 2*b + 2333, 2*h = 4*b + 1186. Is h prime?
True
Let m(v) = 137*v**3 + 3*v**2 + 11*v - 13. Is m(14) a prime number?
True
Let c(z) = -60*z - 31. Let n be c(-5). Suppose 272*y = n*y + 9267. Is y a composite number?
False
Let l(y) = 15*y - 64. Let r be l(4). Is (5 + -6)/(r/21956) a composite number?
True
Let n(k) = 4*k**2 + 11 - 17 - k + 10 - k**3. Let p be n(4). Suppose p*t + 1523 = 5*t + b, 0 = 2*t - 3*b - 616. Is t composite?
True
Let f(c) = -2*c**3 - 2*c**2 - c + 2. Let t be f(2). Suppose 4*a + 2*v + 236 = 0, -2*v + 7 = -1. Let b = t - a. Is b composite?
False
Suppose 87 - 262 = -5*l. Let a = l + -41. Is 21873/21 + a/(-14) a prime number?
False
Suppose 189278679 + 35671969 = 376*b. Is b a prime number?
False
Let f(v) = -2*v - 23 + 41*v**2 - 88*v**2 + 81*v**2. Suppose 0 = -3*y + 2 - 41. Is f(y) composite?
False
Suppose -22*v - 30 = -27*v. Is (-12)/(-2) - (-998 + v) a composite number?
True
Let m(d) = 2594*d + 1047. Is m(71) composite?
False
Let f = 26 - 23. Let o be f + -4 - (-13260)/5. Suppose 3*k + 5*m = 2*k + 2667, -o = -k + 3*m. Is k a prime number?
True
Let l(w) = -2*w**2 - 20*w - 17. Let i be l(-7). Suppose 23672 = -i*g + 33*g. Is g a composite number?
True
Suppose 0 = -4*d - 98 - 286. Let k(j) = j**3 - 13*j**2 - 9*j - 142. Let u be k(15). Let p = d + u. Is p prime?
False
Let j(q) = -504*q - 74. Let a be j(-17). Let d = -5867 + a. Is d a composite number?
True
Let m(r) be the third derivative of 31*r**5/20 + r**4/24 + 5*r**3/6 - 10*r**2 - 2. Suppose 4*f + 3*z - 8 = -0*z, 2 = f + 2*z. Is m(f) a composite number?
False
Let q(k) = -2*k**2 + 17*k + 1. Let n be q(8). Is n/((-54)/(-12)) + 527 composite?
True
Let l(u) = u**2 - 7*u - 12. Let x be l(8). Let c be (-5 - -10409) + -3 + x. Suppose -4*m - 1729 - 2449 = -2*a, 5*a + 2*m - c = 0. Is a prime?
True
Let c = 61141 - 29174. Is c prime?
False
Let v(j) = 1609*j + 460*j - 37*j + 135. Is v(4) composite?
False
Suppose -10*g = -58 - 12. Suppose 0 = 8*s - g*s - 110110. Is (-1)/(-3) - (s/15)/(-7) a composite number?
False
Let l(s) be the second derivative of 463*s**4/6 - 14*s**3/3 + 11*s**2/2 + 4*s - 20. Is l(6) prime?
True
Suppose -12*b + 12 = -24*b. Is b + -146*(-5 + 4) prime?
False
Let f be (-1)/5 + 32/10. Let o(a) be the third derivative of 127*a**4/12 + 31*a**3/6 + 609*a**2. Is o(f) composite?
True
Let n(t) = 2*t + 13. Let w be n(-6). Suppose 0 = -2*g - 9 + w. Is (7027/4)/1 - g/16 prime?
False
Let f(r) = 15 - 11 + 640*r + 23 - 638*r. Let a be f(-11). Let b(x) = 14*x + 19. Is b(a) a composite number?
False
Suppose 2*m - 42005 = 49*s - 48*s, -3*m = -4*s - 63010. Is m prime?
False
Suppose -239*f - 24709818 = -281*f. Is f prime?
False
Let c(y) = -71*y - 1 - 2 - 9*y. Suppose 2*g = -4*j - 20, 3*j + g = -3*g - 5. Is c(j) composite?
False
Suppose 14152157 = 35*g + 54*g. Is g prime?
True
Suppose -15*s + 20*s = -10, -4*f + 5*s + 804734 = 0. Is f a prime number?
False
Is (0 - 2/(-10))/(69/83793945) prime?
False
Let h(d) = 8*d + 44. Let g be h(7). Let z = g - 97. Suppose 5*n + 2 = -z, -20417 = -3*x + 2*n. Is x a composite number?
True
Suppose 2*k + 3*w = -710 + 130725, 4*k - 260055 = -w. Is k prime?
False
Let s be (-876)/(3*(-4)/534). Suppose s - 272392 = -34*y. Is y a composite number?
True
Let w(n) = -n**3 - 8*n**2 + 5*n. Let f be w(-7). Suppose -147*d + 152*d - 1075 = 0. Let o = d + f. Is o composite?
False
Suppose 54*v - 126 = 12*v - 0. Let p be 3/((-2)/(-764)*3). Suppose -v*u = -5*k - 1104, 0 = u + 3*k - 0*k - p. Is u a composite number?
False
Suppose 11*c - 1849498 = -3*c. Suppose -x + 95593 = 5*j, 0 = -5*j + 2*x - 36508 + c. Is j a prime number?
False
Let v = 13085 - 84. Is v composite?
False
Suppose -9*q - 4 = -22. Let l(s) = s**3 + 2*s**2 + 0*s**3 + 8*s**2 - 13 + 2*s**q + 6*s. Is l(-10) composite?
False
Suppose 2*i - 8 = -3*k - 15, -5*i - 4*k - 7 = 0. Let g(v) = 1766*v - 1. Is g(i) prime?
False
Let m(p) = -32*p**3 - 37*p**2 - 13*p - 25. Is m(-17) prime?
True
Suppose -x + 941763 = 5*w, 1125*x = -4*w + 1127*x + 753388. Is w prime?
True
Let l be ((-3)/(-1))/(-6)*8. Let b(o) = 2*o**2 + 6*o + 8. Let v be b(l). Is 0*(-4)/v - -87 prime?
False
Suppose -12949 + 1449 = -l + 4*j, 57584 = 5*l + j. Suppose 5*z + l = 9*z. Is z a composite number?
False
Suppose 0 = 4*a + y + 60, -a - 3*a + 4*y = 60. Let c(u) = -4*u**3 + 8*u**2 + 37*u + 20. Is c(a) prime?
False
Let d be 5 - (-2)/6*-3. Suppose 3*p - 25 = 5*k, -3*p = -d*k - 2*p - 27. Let w(s) = -2*s**3 - 5*s**2 - s + 6. Is w(k) composite?
True
Let j(a) = a**2 - a. Let x be (-1 + 1)/(6/(-6)). Let z be j(x). Let b = 55 + z. Is b prime?
False
Let r = 209 - 202. Let c(l) = 2216*l + 29. Is c(r) a composite number?
False
Let y = 366790 - 185919. Is y a prime number?
True
Suppose 2*x = -5*s + 4, -2*s = 2*x - 1 - 3. Let g be 359 + 2 - (5 + 0 - x). Suppose 605 = 3*o - g. Is o a composite number?
True
Let c(v) be the second derivative of 10*v**3/3 - 3*v**2/2 + 27*v. Let w be c(2). Let a = -28 + w. Is a prime?
False
Suppose 91 = 10*u - 23*u. Is (6698/(-6))/(u/21) a composite number?
True
Let p(n) = -2*n + 15. Let w be p(8). Let j be w - 2*(-1)/2. Suppose j = 32*y - 35*y 